0947 (base 10) to base 12.
5671ab
What is 355344 (base 6) in base 13?
11176
Convert -20100200011 (base 3) to base 14.
-33873
Convert -373560 (base 9) to base 8.
-670670
Convert -41121 (base 9) to base 16.
-69c1
What is -23cee (base 16) in base 7?
-1150416
What is -76acb (base 13) in base 8?
-643666
What is -4737367 (base 8) in base 11?
-804289
Convert -3688846 (base 9) to base 10.
-2007627
-4114435 (base 6) to base 10
-196727
54377525 (base 8) to base 12
3aa6871
-3561940 (base 10) to base 14
-68a124
What is -1592a5 (base 11) in base 2?
-111100001101000000
a1b6 (base 12) to base 5
1030222
Convert -1201213323 (base 4) to base 11.
-253476
-104402 (base 6) to base 13
-3ccb
18a426 (base 15) to base 7
13122543
What is 20da0b (base 16) in base 14?
400879
What is 37deb (base 15) in base 5?
21204041
Convert 1bf57e (base 16) to base 13.
4c2017
Convert -1201211000101 (base 3) to base 15.
-133061
Convert -5146501 (base 8) to base 9.
-2507038
What is -1210c90 (base 14) in base 4?
-200332312332
1001101111001100111 (base 2) to base 16
4de67
Convert -2b77832 (base 12) to base 11.
-5007367
1145560 (base 10) to base 2
100010111101011011000
What is 1043343 (base 5) in base 14?
6ac6
What is -bca34 (base 13) in base 14?
-8ca3a
Convert -39250 (base 13) to base 15.
-21574
505151 (base 12) to base 6
42504541
What is 179a95 (base 13) in base 10?
592805
Convert -110000110100011110 (base 2) to base 10.
-199966
Convert -1602151 (base 8) to base 4.
-1300101221
What is 13314012002 (base 5) in base 13?
3680a11
4025435 (base 7) to base 9
806702
Convert 1002024 (base 6) to base 4.
23200000
12ba6c (base 15) to base 2
11011011110000000110
What is -25604 (base 16) in base 9?
-253002
-36b296 (base 12) to base 14
-192666
What is 3076810 (base 11) in base 5?
2342114020
1424391 (base 10) to base 16
15bc07
-648807 (base 9) to base 11
-244861
312437 (base 9) to base 7
1401613
What is -1111000001111010 (base 2) in base 7?
-344324
691436 (base 11) to base 13
2c685c
Convert -303077 (base 9) to base 7.
-1345021
What is -49211 (base 10) in base 9?
-74448
What is 270888 (base 9) in base 4?
220032101
What is 1063786 (base 9) in base 4?
2030003013
-1675327 (base 9) to base 3
-1202112100221
-2243320 (base 6) to base 12
-56540
What is 9920 (base 10) in base 11?
74a9
25224206 (base 7) to base 11
1314455
-10eb29 (base 15) to base 9
-1462833
What is 141023240 (base 5) in base 10?
720445
Convert -24417 (base 10) to base 15.
-737c
What is 30006452 (base 9) in base 2?
110110110000010011110100
What is 1110010100011111001 (base 2) in base 11?
2a0603
What is -4257514 (base 9) in base 5?
-1041012223
Convert -244342130 (base 6) to base 8.
-21721106
Convert 10222222100 (base 3) to base 5.
10004324
1456014 (base 7) to base 8
604447
2022021332 (base 4) to base 11
357182
What is 163fbb (base 16) in base 8?
5437673
Convert 11111111010010 (base 2) to base 11.
11303
What is 13001031110 (base 4) in base 13?
4c5641
1a6b5 (base 16) to base 8
323265
-101100120220 (base 3) to base 15
-405d0
-100642546 (base 7) to base 5
-3001014322
442031112 (base 5) to base 3
10120221200010
What is -2123304 (base 5) in base 11?
-2511a
-11001200012102 (base 3) to base 4
-20033001323
What is 700c9 (base 13) in base 3?
101011110211
10001100100100101111 (base 2) to base 10
575791
What is 110002002012 (base 3) in base 14?
628b7
Convert -4320221 (base 5) to base 12.
-3642a
Convert 2da2 (base 14) to base 7.
32562
Convert -1524a9b (base 13) to base 10.
-6751002
What is 26154135 (base 7) in base 9?
4432163
Convert 1d30ca (base 15) to base 6.
50334131
12ba552 (base 12) to base 2
1110001110100110001110
What is -101201211201120 (base 3) in base 10?
-5704953
Convert -38910 (base 11) to base 15.
-11766
Convert 10010011001100 (base 2) to base 15.
2bd0
13213121 (base 4) to base 13
11276
What is 5023035 (base 7) in base 12?
247986
What is 148851 (base 11) in base 9?
382235
What is -759303 (base 13) in base 16?
-2a259b
Convert -31035406 (base 7) to base 8.
-11721026
-3256264 (base 7) to base 3
-202100202021
-1000100111011000000101 (base 2) to base 7
-25124236
Convert -599548 (base 12) to base 4.
-11201103020
Convert 3754467 (base 9) to base 12.
8268a4
1101420311 (base 5) to base 10
2373206
What is -1260404 (base 11) in base 9?
-4085121
Convert -314491 (base 10) to base 16.
-4cc7b
2368662 (base 9) to base 5
312121034
Convert -4dd36 (base 15) to base 4.
-330320013
Convert 300013313 (base 4) to base 6.
4120315
Convert 37c596 (base 14) to base 13.
5213a3
-1001302133 (base 5) to base 8
-7430062
What is -4b224 (base 13) in base 8?
-417033
What is 1102041 (base 5) in base 14?
6d09
What is 121000123131 (base 4) in base 8?
31003335
What is 164bda (base 14) in base 3?
1110201012210
-1449515 (base 11) to base 7
-30065344
6500503 (base 7) to base 11
49a743
What is -26b3b (base 12) in base 3?
-2201100102
What is -21211102000120 (base 3) in base 16?
-3f7e7b
What is 1000122012 (base 3) in base 7?
112511
What is 338d2 (base 14) in base 4?
132210300
Convert 3010550 (base 6) to base 7.
1126314
Convert -200100220002201 (base 3) to base 8.
-45167616
What is -3121303333 (base 4) in base 13?
-253108
Convert -77443c (base 14) to base 6.
-222413050
1000350 (base 6) to base 2
1011011011001010
What is 12eed99 (base 15) in base 9?
27642520
What is 2033122210 (base 4) in base 13?
1774ba
Convert -41113332 (base 6) to base 11.
-733807
Convert -45440132 (base 6) to base 14.
-282488
42117 (base 9) to base 13
c865
Convert -1055043153 (base 6) to base 16.
-b2c7cd
33223303101 (base 4) to base 5
2023032234
Convert -21272 (base 11) to base 4.
-13203112
Convert 201123132 (base 4) to base 2.
100001011011011110
What is -132123003031 (base 4) in base 14?
-10b8553
What is -15531503 (base 6) in base 12?
-229b93
What is 506445 (base 8) in base 2?
101000110100100101
What is 2928996 (base 10) in base 14?
5635c0
Convert 8731 (base 9) to base 4.
1210123
Convert 8177881 (base 9) to base 10.
4362328
24342133 (base 5) to base 2
111000011000000110
Convert -3330121203 (base 4) to base 9.
-1845126
What is -43917 (base 10) in base 5?
-2401132
What is 140288 (base 9) in base 14?
23259
Convert -11112002120121 (base 3) to base 15.
-3270da
What is 4088834 (base 11) in base 4?
123201132301
Convert -9dc54b (base 16) to base 3.
-201110022100100
What is -154776 (base 9) in base 5?
-11023111
154115 (base 9) to base 11
65301
What is 441c7 (base 15) in base 7?
1560640
What is -6936483 (base 10) in base 12?
-23a6203
What is -10800 (base 9) in base 10?
-7209
-1003011130 (base 4) to base 5
-32243110
200221111120220 (base 3) to base 10
10067919
Convert -17468311 (base 10) to base 15.
-1800be1
30123 (base 15) to base 4
211021011
What is 121302102 (base 5) in base 2?
10001011101011111000
What is -976379 (base 12) in base 8?
-11106615
What is -266038 (base 13) in base 4?
-3202113031
204113 (base 8) to base 9
112726
What is -2167042 (base 11) in base 14?
-70d4b4
What is 419cb8 (base 13) in base 3?
2220000120020
What is 3110015 (base 10) in base 11?
1834667
-1ccb5 (base 13) to base 10
-57101
9018528 (base 11) to base 4
330322322311
1281a48 (base 11) to base 10
2213384
2477228 (base 9) to base 13
3837bc
What is -9c5cd (base 15) in base 10?
-497443
31e322 (base 15) to base 14
45c20b
-564634 (base 7) to base 2
-11000011100100100
What is 288467 (base 9) in base 3?
22222112021
1212211121221 (base 3) to base 12
4030b1
Convert 120001112021 (base 3) to base 11.
192728
1003031130 (base 4) to base 13
983c4
Convert -173316 (base 9) to base 12.
-521b9
Convert 10120331 (base 6) to base 2.
1000110111001111111
2e832 (base 16) to base 7
1422302
-775d8a (base 15) to base 16
-56d24a
What is 96171 (base 12) in base 5?
22302341
Convert 9a6236 (base 11) to base 2.
110000111101000101000
Convert 3b695c (base 15) to base 14.
545454
-28634 (base 16) to base 12
-7b898
Convert 376545 (base 9) to base 2.
110111101000110110
727124 (base 9) to base 6
13130251
What is -563450 (base 10) in base 4?
-2021203322
374812 (base 9) to base 6
4505145
What is 22112100120 (base 3) in base 15?
34b53
-1101132323 (base 4) to base 2
-1010001011110111011
Convert -31020331 (base 4) to base 13.
-1b661
-16452 (base 9) to base 8
-26052
189541 (base 16) to base 7
16460002
What is 66421 (base 11) in base 13?
34b09
a67231 (base 11) to base 4
12200332231
Convert 1110010020